{"id":5140,"date":"2018-07-31T11:21:56","date_gmt":"2018-07-31T11:21:56","guid":{"rendered":"https:\/\/noizzy.qodeinteractive.com\/?page_id=10"},"modified":"2025-01-15T11:18:31","modified_gmt":"2025-01-15T11:18:31","slug":"home-1","status":"publish","type":"page","link":"https:\/\/www.maxmerseny.com\/","title":{"rendered":"Main Home"},"content":{"rendered":"<section class=\"wpb-content-wrapper\"><p>[vc_row full_height=&#8221;yes&#8221;][vc_column][rev_slider_vc alias=&#8221;max-merseny-saxophone&#8221; enable_paspartu=&#8221;no&#8221;][\/vc_column][\/vc_row][vc_row disable_element=&#8221;yes&#8221; css=&#8221;.vc_custom_1711622291407{padding-top: 68px !important;padding-bottom: 57px !important;}&#8221;][vc_column]<div class=\"edge-text-marquee edge-tm-2865\" style=\"color: #f1f1f1;font-size: 222px;line-height: 222px;letter-spacing: 0px;text-transform: uppercase\" data-item-class=\"edge-tm-2865\" data-font-size-1366=\"190px\" data-font-size-1024=\"170px\" data-font-size-768=\"140px\" data-font-size-680=\"130px\" data-line-height-1366=\"190px\" data-line-height-1024=\"170px\" data-line-height-768=\"140px\" data-line-height-680=\"130px\">\n\t<span class=\"edge-marquee-element edge-original-text\">Discography\/Discography\/Discography\/Discography\/<\/span>\n\t<span class=\"edge-marquee-element edge-aux-text\">Discography\/Discography\/Discography\/Discography\/<\/span>\n<\/div>  [vc_row_inner row_content_width=&#8221;grid&#8221; css=&#8221;.vc_custom_1533727345417{margin-top: -88px !important;}&#8221;][vc_column_inner]<div class = \"edge-albums-list-holder-outer edge-alb-standard edge-alb-standard-with-space edge-alb-three-columns\" data-next-page= \"2\" data-type= \"standard-with-space\" data-number-of-columns= \"3\" data-order-by= \"date\" data-order= \"ASC\" data-number= \"6\" data-title-tag= \"h5\" data-enable-navigation= \"no\" data-max-num-pages = 3><div class = \"edge-albums-list-holder clearfix \" ><div class=\"edge-album \">\n\t<div class = \"edge-album-image-holder\">\n\t\t<a class=\"edge-album-image-link\" href=\"https:\/\/www.maxmerseny.com\/index.php\/album\/ice-cold\/\">\n\t\t\t\t\t<\/a>\n        <a itemprop=\"url\" href=\"https:\/\/www.maxmerseny.com\/index.php\/album\/ice-cold\/\" target=\"_self\"  class=\"edge-btn edge-btn-small edge-btn-simple edge-btn-icon\"  >\n    <span class=\"edge-btn-text\">LISTEN NOW<\/span>\n    <i class=\"edge-icon-font-awesome fa fa-angle-double-right \" ><\/i><\/a>\t<\/div>\n\t<div class=\"edge-album-text-holder\">\n\t\t<h5 class=\"edge-album-title\">\n\t\t\t<a href=\"https:\/\/www.maxmerseny.com\/index.php\/album\/ice-cold\/\">\n\t\t\t\tIce cold\t\t\t<\/a>\t\n\t\t<\/h5>\n        <div class=\"edge-alb-label-holder\"><span class=\"edge-alb-labels\">Ge Studio-2018<\/span><\/div>\t<\/div>\n<\/div><div class=\"edge-album \">\n\t<div class = \"edge-album-image-holder\">\n\t\t<a class=\"edge-album-image-link\" href=\"https:\/\/www.maxmerseny.com\/index.php\/album\/final-draft\/\">\n\t\t\t\t\t<\/a>\n        <a itemprop=\"url\" href=\"https:\/\/www.maxmerseny.com\/index.php\/album\/final-draft\/\" target=\"_self\"  class=\"edge-btn edge-btn-small edge-btn-simple edge-btn-icon\"  >\n    <span class=\"edge-btn-text\">LISTEN NOW<\/span>\n    <i class=\"edge-icon-font-awesome fa fa-angle-double-right \" ><\/i><\/a>\t<\/div>\n\t<div class=\"edge-album-text-holder\">\n\t\t<h5 class=\"edge-album-title\">\n\t\t\t<a href=\"https:\/\/www.maxmerseny.com\/index.php\/album\/final-draft\/\">\n\t\t\t\tFinal draft\t\t\t<\/a>\t\n\t\t<\/h5>\n        <div class=\"edge-alb-label-holder\"><span class=\"edge-alb-labels\">Ge Studio-2018<\/span><\/div>\t<\/div>\n<\/div><div class=\"edge-album \">\n\t<div class = \"edge-album-image-holder\">\n\t\t<a class=\"edge-album-image-link\" href=\"https:\/\/www.maxmerseny.com\/index.php\/album\/audience\/\">\n\t\t\t\t\t<\/a>\n        <a itemprop=\"url\" href=\"https:\/\/www.maxmerseny.com\/index.php\/album\/audience\/\" target=\"_self\"  class=\"edge-btn edge-btn-small edge-btn-simple edge-btn-icon\"  >\n    <span class=\"edge-btn-text\">LISTEN NOW<\/span>\n    <i class=\"edge-icon-font-awesome fa fa-angle-double-right \" ><\/i><\/a>\t<\/div>\n\t<div class=\"edge-album-text-holder\">\n\t\t<h5 class=\"edge-album-title\">\n\t\t\t<a href=\"https:\/\/www.maxmerseny.com\/index.php\/album\/audience\/\">\n\t\t\t\tAudience\t\t\t<\/a>\t\n\t\t<\/h5>\n        <div class=\"edge-alb-label-holder\"><span class=\"edge-alb-labels\">Ge Studio-2018<\/span><\/div>\t<\/div>\n<\/div><div class=\"edge-album \">\n\t<div class = \"edge-album-image-holder\">\n\t\t<a class=\"edge-album-image-link\" href=\"https:\/\/www.maxmerseny.com\/index.php\/album\/dark-streets\/\">\n\t\t\t\t\t<\/a>\n        <a itemprop=\"url\" href=\"https:\/\/www.maxmerseny.com\/index.php\/album\/dark-streets\/\" target=\"_self\"  class=\"edge-btn edge-btn-small edge-btn-simple edge-btn-icon\"  >\n    <span class=\"edge-btn-text\">LISTEN NOW<\/span>\n    <i class=\"edge-icon-font-awesome fa fa-angle-double-right \" ><\/i><\/a>\t<\/div>\n\t<div class=\"edge-album-text-holder\">\n\t\t<h5 class=\"edge-album-title\">\n\t\t\t<a href=\"https:\/\/www.maxmerseny.com\/index.php\/album\/dark-streets\/\">\n\t\t\t\tDark Streets\t\t\t<\/a>\t\n\t\t<\/h5>\n        <div class=\"edge-alb-label-holder\"><span class=\"edge-alb-labels\">Ge Studio-2018<\/span><\/div>\t<\/div>\n<\/div><div class=\"edge-album \">\n\t<div class = \"edge-album-image-holder\">\n\t\t<a class=\"edge-album-image-link\" href=\"https:\/\/www.maxmerseny.com\/index.php\/album\/m-a-d-city\/\">\n\t\t\t\t\t<\/a>\n        <a itemprop=\"url\" href=\"https:\/\/www.maxmerseny.com\/index.php\/album\/m-a-d-city\/\" target=\"_self\"  class=\"edge-btn edge-btn-small edge-btn-simple edge-btn-icon\"  >\n    <span class=\"edge-btn-text\">LISTEN NOW<\/span>\n    <i class=\"edge-icon-font-awesome fa fa-angle-double-right \" ><\/i><\/a>\t<\/div>\n\t<div class=\"edge-album-text-holder\">\n\t\t<h5 class=\"edge-album-title\">\n\t\t\t<a href=\"https:\/\/www.maxmerseny.com\/index.php\/album\/m-a-d-city\/\">\n\t\t\t\tM.A.D. City\t\t\t<\/a>\t\n\t\t<\/h5>\n        <div class=\"edge-alb-label-holder\"><span class=\"edge-alb-labels\">Ge Studio-2018<\/span><\/div>\t<\/div>\n<\/div><div class=\"edge-album \">\n\t<div class = \"edge-album-image-holder\">\n\t\t<a class=\"edge-album-image-link\" href=\"https:\/\/www.maxmerseny.com\/index.php\/album\/wild-beat\/\">\n\t\t\t\t\t<\/a>\n        <a itemprop=\"url\" href=\"https:\/\/www.maxmerseny.com\/index.php\/album\/wild-beat\/\" target=\"_self\"  class=\"edge-btn edge-btn-small edge-btn-simple edge-btn-icon\"  >\n    <span class=\"edge-btn-text\">LISTEN NOW<\/span>\n    <i class=\"edge-icon-font-awesome fa fa-angle-double-right \" ><\/i><\/a>\t<\/div>\n\t<div class=\"edge-album-text-holder\">\n\t\t<h5 class=\"edge-album-title\">\n\t\t\t<a href=\"https:\/\/www.maxmerseny.com\/index.php\/album\/wild-beat\/\">\n\t\t\t\tWild Beat\t\t\t<\/a>\t\n\t\t<\/h5>\n        <div class=\"edge-alb-label-holder\"><span class=\"edge-alb-labels\">Ge Studio-2018<\/span><\/div>\t<\/div>\n<\/div><\/div><\/div>[\/vc_column_inner][\/vc_row_inner][\/vc_column][\/vc_row][vc_row equal_height=&#8221;yes&#8221; content_placement=&#8221;middle&#8221; row_content_width=&#8221;grid&#8221; css=&#8221;.vc_custom_1736938971098{padding-top: 150px !important;padding-bottom: 130px !important;}&#8221;][vc_column]<div class=\"edge-elements-holder   edge-one-column  edge-responsive-mode-1024 edge-one-column-alignment-center\" ><div class=\"edge-eh-item   edge-horizontal-alignment-center \"  data-item-class=\"edge-eh-custom-6007\" data-1366-1600=\"0 12% 8px 10%\" data-1024-1366=\"0 0 11px 10%\" data-768-1024=\"71px 0% 0px 0%\" data-680-768=\"71px 14% 0px 0%\" data-680=\"44px 0% 0px 0%\">\n\t<div class=\"edge-eh-item-inner\">\n\t\t<div class=\"edge-eh-item-content edge-eh-custom-6007\" style=\"padding: 0 12% 6px 10%\">\n\t\t\t[vc_column_text el_id=&#8221;booking-link-mm&#8221;]<\/p>\n<h3 id=\"booking-link-mm\" style=\"text-align: center;\"><a href=\"mailto:booking@maxmerseny.com\">booking@maxmerseny.com<\/a><\/h3>\n<p>[\/vc_column_text]\t\t<\/div>\n\t<\/div>\n<\/div><\/div><div class=\"edge-elements-holder   edge-one-column  edge-responsive-mode-1024 \" ><div class=\"edge-eh-item   edge-horizontal-alignment-center \"  data-item-class=\"edge-eh-custom-8894\" data-1366-1600=\"0 12% 8px 10%\" data-1024-1366=\"0 0 11px 10%\" data-768-1024=\"71px 0% 0px 0%\" data-680-768=\"71px 14% 0px 0%\" data-680=\"73px 0% 0px 0%\">\n\t<div class=\"edge-eh-item-inner\">\n\t\t<div class=\"edge-eh-item-content edge-eh-custom-8894\" style=\"padding: 0 12% 6px 10%\">\n\t\t\t[vc_empty_space height=&#8221;41px&#8221;][vc_column_text]For more information about Max&#8217;s music, touring, bio, and more, please visit the following pages:<\/p>\n<p>F\u00fcr weitere Informationen \u00fcber Max&#8217; Musik, Tourneen, Biografie und mehr, besuchen Sie bitte die folgenden Seiten:<span class=\"Apple-converted-space\">\u00a0<\/span>[\/vc_column_text]\t\t<\/div>\n\t<\/div>\n<\/div><\/div><div class=\"edge-elements-holder   edge-one-column  edge-responsive-mode-1024 \" ><div class=\"edge-eh-item   edge-horizontal-alignment-center \"  data-item-class=\"edge-eh-custom-4618\" data-1366-1600=\"0 12% 8px 10%\" data-1024-1366=\"0 0 11px 10%\" data-768-1024=\"71px 0% 0px 0%\" data-680-768=\"71px 14% 0px 0%\" data-680=\"73px 0% 0px 0%\">\n\t<div class=\"edge-eh-item-inner\">\n\t\t<div class=\"edge-eh-item-content edge-eh-custom-4618\" style=\"padding: 0 12% 6px 10%\">\n\t\t\t[vc_empty_space height=&#8221;41px&#8221;]<div class=\"edge-team-holder edge-team-info-below-image\">\n\t<div class=\"edge-team-inner\">\n\t\t\t\t<div class=\"edge-team-info\">\n\t\t\t\t\t\t\t\t\t\t\t\t\t\t\t\t<div class=\"edge-team-social-holder\">\n\t\t\t\t\t\t\t\t\t\t\t<span class=\"edge-team-icon\">    <span class=\"edge-icon-shortcode edge-normal   \">\n                    <a class=\"\" href=\"https:\/\/music.apple.com\/us\/artist\/max-merseny\/459728503\" target=\"_blank\">\n                    <i class=\"edge-icon-font-awesome fa fa-apple edge-icon-element\"><\/i>                    <\/a>\n            <\/span>\n<\/span>\n\t\t\t\t\t\t\t\t\t\t\t<span class=\"edge-team-icon\">    <span class=\"edge-icon-shortcode edge-normal   \">\n                    <a class=\"\" href=\"https:\/\/www.instagram.com\/maxmerseny\/\" target=\"_blank\">\n                    <i class=\"edge-icon-font-awesome fa fa-instagram edge-icon-element\"><\/i>                    <\/a>\n            <\/span>\n<\/span>\n\t\t\t\t\t\t\t\t\t\t\t<span class=\"edge-team-icon\">    <span class=\"edge-icon-shortcode edge-normal   \">\n                    <a class=\"\" href=\"https:\/\/www.facebook.com\/people\/Max-Merseny\/100063594780146\/\" target=\"_blank\">\n                    <i class=\"edge-icon-font-awesome fa fa-facebook edge-icon-element\"><\/i>                    <\/a>\n            <\/span>\n<\/span>\n\t\t\t\t\t\t\t\t\t\t\t<span class=\"edge-team-icon\">    <span class=\"edge-icon-shortcode edge-normal   \">\n                    <a class=\"\" href=\"https:\/\/de.wikipedia.org\/wiki\/Max_Merseny\" target=\"_blank\">\n                    <i class=\"edge-icon-font-awesome fa fa-wikipedia-w edge-icon-element\"><\/i>                    <\/a>\n            <\/span>\n<\/span>\n\t\t\t\t\t\t\t\t\t<\/div>\n\t\t\t\t\t<\/div>\n\t<\/div>\n<\/div>\t\t<\/div>\n\t<\/div>\n<\/div><\/div><div class=\"edge-elements-holder   edge-one-column  edge-responsive-mode-1024 edge-one-column-alignment-center\" ><div class=\"edge-eh-item   edge-horizontal-alignment-center \"  data-item-class=\"edge-eh-custom-9013\" data-1366-1600=\"0 12% 8px 10%\" data-1024-1366=\"0 0 11px 10%\" data-768-1024=\"71px 0% 0px 0%\" data-680-768=\"71px 14% 0px 0%\" data-680=\"73px 0% 0px 0%\">\n\t<div class=\"edge-eh-item-inner\">\n\t\t<div class=\"edge-eh-item-content edge-eh-custom-9013\" style=\"padding: 0 12% 6px 10%\">\n\t\t\t[vc_empty_space height=&#8221;41px&#8221;]<a itemprop=\"url\" href=\"https:\/\/open.spotify.com\/intl-de\/artist\/6aRqlZxNdGFk7AGAOsl83u\" target=\"_blank\" style=\"margin: 0px 10px 0px 0px\" class=\"edge-btn edge-btn-medium edge-btn-solid\"  >\n    <span class=\"edge-btn-text\">Spotify<\/span>\n    <\/a><a itemprop=\"url\" href=\"https:\/\/www.tiktok.com\/@maxmerseny\" target=\"_blank\" style=\"margin: 0px 0px 0px 10px\" class=\"edge-btn edge-btn-medium edge-btn-solid\"  >\n    <span class=\"edge-btn-text\">Tik Tok<\/span>\n    <\/a>\t\t<\/div>\n\t<\/div>\n<\/div><\/div><div class=\"edge-elements-holder   edge-one-column  edge-responsive-mode-1024 edge-one-column-alignment-center\" ><div class=\"edge-eh-item   edge-horizontal-alignment-center \"  data-item-class=\"edge-eh-custom-8493\" data-1366-1600=\"0 12% 8px 10%\" data-1024-1366=\"0 0 11px 10%\" data-768-1024=\"71px 0% 0px 0%\" data-680-768=\"71px 14% 0px 0%\" data-680=\"73px 0% 0px 0%\">\n\t<div class=\"edge-eh-item-inner\">\n\t\t<div class=\"edge-eh-item-content edge-eh-custom-8493\" style=\"padding: 0 12% 6px 10%\">\n\t\t\t[vc_empty_space height=&#8221;20px&#8221;]<a itemprop=\"url\" href=\"http:\/\/www.maxmerseny.com\/wp-content\/uploads\/Merseny-PDF-23-EN-FIN.pdf\" target=\"_blank\" style=\"margin: 0px 10px 0px 0px\" class=\"edge-btn edge-btn-medium edge-btn-solid pdf-button-1\"  >\n    <span class=\"edge-btn-text\">Information Sheet (EN)<\/span>\n    <\/a><a itemprop=\"url\" href=\"http:\/\/www.maxmerseny.com\/wp-content\/uploads\/Merseny-PDF-23-DE-FIN.pdf\" target=\"_blank\" style=\"margin: 0px 0px 0px 10px\" class=\"edge-btn edge-btn-medium edge-btn-solid pdf-button-2\"  >\n    <span class=\"edge-btn-text\">Informations-Blatt (DE)<\/span>\n    <\/a>\t\t<\/div>\n\t<\/div>\n<\/div><\/div>[\/vc_column][\/vc_row][vc_row row_content_width=&#8221;grid&#8221; row_btt_skin=&#8221;light&#8221; simple_background_color=&#8221;#141414&#8243; css=&#8221;.vc_custom_1536833887801{padding-top: 30px !important;padding-bottom: 30px !important;}&#8221;][vc_column]<div class=\"edge-elements-holder   edge-one-column  edge-responsive-mode-768 \" ><div class=\"edge-eh-item    \"  data-item-class=\"edge-eh-custom-3096\">\n\t<div class=\"edge-eh-item-inner\">\n\t\t<div class=\"edge-eh-item-content edge-eh-custom-3096\" >\n\t\t\t<div class=\"edge-section-title-holder  edge-st-standard edge-st-title-left edge-st-normal-space \" style=\"text-align: center\">\n\t<div class=\"edge-st-inner\">\n\t\t\t\t\t\t\t<p class=\"edge-st-text\" style=\"color: #ffffff;font-size: 20px\">\n\t\t\t\tMax is endorsed by \/ Max wird unterst\u00fctzt von\t\t\t<\/p>\n\t\t\t<\/div>\n<\/div>[vc_empty_space height=&#8221;41px&#8221;]\t\t<\/div>\n\t<\/div>\n<\/div><\/div><div class=\"edge-clients-carousel-holder edge-cc-hover-roll-over\">\n\t<div class=\"edge-cc-inner edge-owl-slider\" data-number-of-items=\"3\" data-enable-loop=\"yes\" data-enable-autoplay=\"yes\" data-slider-speed=\"5000\" data-slider-speed-animation=\"600\" data-enable-navigation=\"no\" data-enable-pagination=\"no\">\n\t\t<div class=\"edge-cc-item\">\n\t\t\t\t\t\t<img decoding=\"async\" itemprop=\"image\" class=\"edge-cc-image\" src=\"https:\/\/www.maxmerseny.com\/wp-content\/uploads\/endorsement.png\" alt=\"\" \/>\n\t\t\t\t\t\t\t<img decoding=\"async\" itemprop=\"image\" class=\"edge-cc-hover-image\" src=\"https:\/\/www.maxmerseny.com\/wp-content\/uploads\/endorsement.png\" alt=\"\" \/>\n\t\t\t<\/div><div class=\"edge-cc-item\">\n\t\t\t\t\t\t<img decoding=\"async\" itemprop=\"image\" class=\"edge-cc-image\" src=\"https:\/\/www.maxmerseny.com\/wp-content\/uploads\/endorsement3.png\" alt=\"\" \/>\n\t\t\t\t\t\t\t<img decoding=\"async\" itemprop=\"image\" class=\"edge-cc-hover-image\" src=\"https:\/\/www.maxmerseny.com\/wp-content\/uploads\/endorsement3.png\" alt=\"\" \/>\n\t\t\t<\/div><div class=\"edge-cc-item\">\n\t\t\t\t\t\t<img decoding=\"async\" itemprop=\"image\" class=\"edge-cc-image\" src=\"https:\/\/www.maxmerseny.com\/wp-content\/uploads\/endorsement2.png\" alt=\"\" \/>\n\t\t\t\t\t\t\t<img decoding=\"async\" itemprop=\"image\" class=\"edge-cc-hover-image\" src=\"https:\/\/www.maxmerseny.com\/wp-content\/uploads\/endorsement2.png\" alt=\"\" \/>\n\t\t\t<\/div>\t<\/div>\n<\/div>[\/vc_column][\/vc_row][vc_row equal_height=&#8221;yes&#8221; row_content_width=&#8221;grid&#8221; css=&#8221;.vc_custom_1736939907108{padding-top: 150px !important;padding-bottom: 130px !important;}&#8221;][vc_column]<div class=\"edge-elements-holder   edge-two-columns  edge-responsive-mode-1024 edge-one-column-alignment-left\" ><div class=\"edge-eh-item    \"  data-item-class=\"edge-eh-custom-3205\" data-1366-1600=\"0 12% 8px 10%\" data-1024-1366=\"0 0 11px 10%\" data-768-1024=\"71px 34% 0px 0%\" data-680-768=\"71px 14% 0px 0%\" data-680=\"73px 0% 0px 0%\">\n\t<div class=\"edge-eh-item-inner\">\n\t\t<div class=\"edge-eh-item-content edge-eh-custom-3205\" style=\"padding: 0 12% 6px 10%\">\n\t\t\t<div class=\"edge-section-title-holder  edge-st-standard edge-st-title-left edge-st-normal-space \" >\n\t<div class=\"edge-st-inner\">\n\t\t\t\t\t<h2 class=\"edge-st-title\" >\n\t\t\t\tAbout Max\t\t\t<\/h2>\n\t\t\t\t\t\t\t<p class=\"edge-st-text\" style=\"margin-top: 26px\">\n\t\t\t\tOver the past few years, Max Merseny has left a distinct mark, consistently touring worldwide as an artist with his unique program and music. He has graced the stage alongside legends from the past and stars of today, transcending genres with boundless creativity that encompasses various musical styles, from jazz to hip-hop, and even house music.\nHis presence on social media platforms such as Instagram, TikTok, and his Spotify channel has garnered millions of streams and clicks to date. For more information, feel free to visit him on these platforms or check the provided links.\t\t\t<\/p>\n\t\t\t<\/div>\n<\/div>[vc_empty_space height=&#8221;41px&#8221;]\t\t<\/div>\n\t<\/div>\n<\/div><div class=\"edge-eh-item    \"  data-item-class=\"edge-eh-custom-8598\" data-1366-1600=\"0 12% 8px 10%\" data-1024-1366=\"0 0 11px 10%\" data-768-1024=\"71px 34% 0px 0%\" data-680-768=\"71px 14% 0px 0%\" data-680=\"73px 0% 0px 0%\">\n\t<div class=\"edge-eh-item-inner\">\n\t\t<div class=\"edge-eh-item-content edge-eh-custom-8598\" style=\"padding: 0 12% 6px 10%\">\n\t\t\t<div class=\"edge-section-title-holder  edge-st-standard edge-st-title-left edge-st-normal-space \" >\n\t<div class=\"edge-st-inner\">\n\t\t\t\t\t<h2 class=\"edge-st-title\" >\n\t\t\t\t\u00dcber Max\t\t\t<\/h2>\n\t\t\t\t\t\t\t<p class=\"edge-st-text\" style=\"margin-top: 26px\">\n\t\t\t\tIn den letzten Jahren hat Max Merseny eine deutliche Spur hinterlassen, indem er kontinuierlich weltweit als K\u00fcnstler mit seinem einzigartigen Programm und seiner Musik auf Tournee war. Er hat die B\u00fchne neben Legenden aus der Vergangenheit und heutigen Stars geziert, Genres \u00fcberschreitend mit einer grenzenlosen Kreativit\u00e4t, die verschiedene Musikstile umfasst, von Jazz \u00fcber Hip-Hop bis hin zu House-Musik.<br \/>\nSeine Pr\u00e4senz auf sozialen Medienplattformen wie Instagram, TikTok und seinem Spotify- Kanal hat bisher Millionen von Streams und Klicks generiert. F\u00fcr weitere Informationen k\u00f6nnen Sie ihn gerne auf diesen Plattformen besuchen oder die bereitgestellten Links besuchen.\t\t\t<\/p>\n\t\t\t<\/div>\n<\/div>[vc_empty_space height=&#8221;41px&#8221;]\t\t<\/div>\n\t<\/div>\n<\/div><\/div>[\/vc_column][\/vc_row][vc_row equal_height=&#8221;yes&#8221; row_content_width=&#8221;grid&#8221; css=&#8221;.vc_custom_1538056606347{padding-top: 150px !important;padding-bottom: 130px !important;}&#8221;][vc_column]<div class=\"edge-elements-holder   edge-one-column  edge-responsive-mode-768 edge-one-column-alignment-center\" ><div class=\"edge-eh-item   edge-horizontal-alignment-center \"  data-item-class=\"edge-eh-custom-3130\">\n\t<div class=\"edge-eh-item-inner\">\n\t\t<div class=\"edge-eh-item-content edge-eh-custom-3130\" >\n\t\t\t[vc_wp_custommenu nav_menu=&#8221;153&#8243;]\t\t<\/div>\n\t<\/div>\n<\/div><\/div>[\/vc_column][\/vc_row][vc_row equal_height=&#8221;yes&#8221; disable_element=&#8221;yes&#8221; row_content_width=&#8221;grid&#8221; css=&#8221;.vc_custom_1711622963275{padding-top: 150px !important;padding-bottom: 130px !important;}&#8221;][vc_column]<div class=\"edge-elements-holder   edge-two-columns  edge-responsive-mode-1024 \" ><div class=\"edge-eh-item    \"  data-item-class=\"edge-eh-custom-5133\" data-1366-1600=\"0 12% 8px 10%\" data-1024-1366=\"0 0 11px 10%\" data-768-1024=\"71px 34% 0px 0%\" data-680-768=\"71px 14% 0px 0%\" data-680=\"73px 0% 0px 0%\">\n\t<div class=\"edge-eh-item-inner\">\n\t\t<div class=\"edge-eh-item-content edge-eh-custom-5133\" style=\"padding: 0 12% 6px 10%\">\n\t\t\t\n<div class=\"wpcf7 no-js\" id=\"wpcf7-f5141-o1\" lang=\"en-US\" dir=\"ltr\">\n<div class=\"screen-reader-response\"><p role=\"status\" aria-live=\"polite\" aria-atomic=\"true\"><\/p> <ul><\/ul><\/div>\n<form action=\"\/index.php\/wp-json\/wp\/v2\/pages\/5140#wpcf7-f5141-o1\" method=\"post\" class=\"wpcf7-form init demo\" aria-label=\"Contact form\" novalidate=\"novalidate\" data-status=\"init\">\n<div style=\"display: none;\">\n<input type=\"hidden\" name=\"_wpcf7\" value=\"5141\" \/>\n<input type=\"hidden\" name=\"_wpcf7_version\" value=\"5.9.3\" \/>\n<input type=\"hidden\" name=\"_wpcf7_locale\" value=\"en_US\" \/>\n<input type=\"hidden\" name=\"_wpcf7_unit_tag\" value=\"wpcf7-f5141-o1\" \/>\n<input type=\"hidden\" name=\"_wpcf7_container_post\" value=\"0\" \/>\n<input type=\"hidden\" name=\"_wpcf7_posted_data_hash\" value=\"\" \/>\n<\/div>\n<div class=\"two_columns_50_50 clearfix\">\n\t<div class=\"column1\">\n\t\t<div class=\"column_inner\">\n\t\t\t<p><span class=\"wpcf7-form-control-wrap\" data-name=\"first-name\"><input size=\"40\" class=\"wpcf7-form-control wpcf7-text wpcf7-validates-as-required\" aria-required=\"true\" aria-invalid=\"false\" placeholder=\"Name\" value=\"\" type=\"text\" name=\"first-name\" \/><\/span>\n\t\t\t<\/p>\n\t\t<\/div>\n\t<\/div>\n\t<div class=\"column2\">\n\t\t<div class=\"column_inner\">\n\t\t\t<p><span class=\"wpcf7-form-control-wrap\" data-name=\"last-name\"><input size=\"40\" class=\"wpcf7-form-control wpcf7-text wpcf7-validates-as-required\" aria-required=\"true\" aria-invalid=\"false\" placeholder=\"Subject \/ Betreff\" value=\"\" type=\"text\" name=\"last-name\" \/><\/span>\n\t\t\t<\/p>\n\t\t<\/div>\n\t<\/div>\n<\/div>\n<div class=\"column1\">\n\t<div class=\"column_inner\">\n\t\t<p><span class=\"wpcf7-form-control-wrap\" data-name=\"your-number\"><input size=\"40\" class=\"wpcf7-form-control wpcf7-text wpcf7-validates-as-required\" aria-required=\"true\" aria-invalid=\"false\" placeholder=\"Your Email \/ Ihre Mail-Adresse\" value=\"\" type=\"text\" name=\"your-number\" \/><\/span>\n\t\t<\/p>\n\t<\/div>\n<\/div>\n<div>\n\t<p><span class=\"wpcf7-form-control-wrap\" data-name=\"your-message\"><textarea cols=\"40\" rows=\"10\" class=\"wpcf7-form-control wpcf7-textarea wpcf7-validates-as-required\" aria-required=\"true\" aria-invalid=\"false\" placeholder=\"Your Message \/ Ihre Nachricht\" name=\"your-message\"><\/textarea><\/span>\n\t<\/p>\n<\/div>\n<div>\n\t<p><button class=\"wpcf7-form-control wpcf7-submit edge-btn edge-btn-medium edge-btn-solid edge-btn-icon\" type=\"submit\"><span class=\"edge-btn-text\">Send \/ Absenden<\/span><i class=\"edge-icon-font-awesome fa fa-angle-double-right \"><\/i><\/button>\n\t<\/p>\n<\/div><div class=\"wpcf7-response-output\" aria-hidden=\"true\"><\/div>\n<\/form>\n<\/div>\n\t\t<\/div>\n\t<\/div>\n<\/div><\/div>[\/vc_column][\/vc_row]<\/p>\n<\/section>","protected":false},"excerpt":{"rendered":"<p>[vc_row full_height=&#8221;yes&#8221;][vc_column][rev_slider_vc alias=&#8221;max-merseny-saxophone&#8221; enable_paspartu=&#8221;no&#8221;][\/vc_column][\/vc_row][vc_row disable_element=&#8221;yes&#8221; css=&#8221;.vc_custom_1711622291407{padding-top: 68px !important;padding-bottom: 57px !important;}&#8221;][vc_column][vc_row_inner row_content_width=&#8221;grid&#8221; css=&#8221;.vc_custom_1533727345417{margin-top: -88px !important;}&#8221;][vc_column_inner][\/vc_column_inner][\/vc_row_inner][\/vc_column][\/vc_row][vc_row equal_height=&#8221;yes&#8221; content_placement=&#8221;middle&#8221; row_content_width=&#8221;grid&#8221; css=&#8221;.vc_custom_1736938971098{padding-top: 150px !important;padding-bottom: 130px !important;}&#8221;][vc_column][\/vc_column][\/vc_row][vc_row row_content_width=&#8221;grid&#8221; row_btt_skin=&#8221;light&#8221; simple_background_color=&#8221;#141414&#8243; css=&#8221;.vc_custom_1536833887801{padding-top: 30px !important;padding-bottom: 30px !important;}&#8221;][vc_column][\/vc_column][\/vc_row][vc_row equal_height=&#8221;yes&#8221; row_content_width=&#8221;grid&#8221; css=&#8221;.vc_custom_1736939907108{padding-top: 150px !important;padding-bottom: 130px !important;}&#8221;][vc_column][\/vc_column][\/vc_row][vc_row equal_height=&#8221;yes&#8221; row_content_width=&#8221;grid&#8221; css=&#8221;.vc_custom_1538056606347{padding-top: 150px !important;padding-bottom: 130px !important;}&#8221;][vc_column][\/vc_column][\/vc_row][vc_row equal_height=&#8221;yes&#8221; disable_element=&#8221;yes&#8221; row_content_width=&#8221;grid&#8221; css=&#8221;.vc_custom_1711622963275{padding-top: 150px !important;padding-bottom: 130px !important;}&#8221;][vc_column][\/vc_column][\/vc_row]<\/p>\n","protected":false},"author":1,"featured_media":0,"parent":0,"menu_order":0,"comment_status":"closed","ping_status":"closed","template":"full-width.php","meta":{"footnotes":""},"class_list":["post-5140","page","type-page","status-publish","hentry"],"_links":{"self":[{"href":"https:\/\/www.maxmerseny.com\/index.php\/wp-json\/wp\/v2\/pages\/5140","targetHints":{"allow":["GET"]}}],"collection":[{"href":"https:\/\/www.maxmerseny.com\/index.php\/wp-json\/wp\/v2\/pages"}],"about":[{"href":"https:\/\/www.maxmerseny.com\/index.php\/wp-json\/wp\/v2\/types\/page"}],"author":[{"embeddable":true,"href":"https:\/\/www.maxmerseny.com\/index.php\/wp-json\/wp\/v2\/users\/1"}],"replies":[{"embeddable":true,"href":"https:\/\/www.maxmerseny.com\/index.php\/wp-json\/wp\/v2\/comments?post=5140"}],"version-history":[{"count":101,"href":"https:\/\/www.maxmerseny.com\/index.php\/wp-json\/wp\/v2\/pages\/5140\/revisions"}],"predecessor-version":[{"id":5424,"href":"https:\/\/www.maxmerseny.com\/index.php\/wp-json\/wp\/v2\/pages\/5140\/revisions\/5424"}],"wp:attachment":[{"href":"https:\/\/www.maxmerseny.com\/index.php\/wp-json\/wp\/v2\/media?parent=5140"}],"curies":[{"name":"wp","href":"https:\/\/api.w.org\/{rel}","templated":true}]}}